597?
7
What is the tens digit of 618?
1
What is the tens digit of 2919?
1
What is the tens digit of 224?
2
What is the ten thousands digit of 41109?
4
What is the tens digit of 1051?
5
What is the thousands digit of 17883?
7
What is the hundreds digit of 2763?
7
What is the thousands digit of 11543?
1
What is the ten thousands digit of 22708?
2
What is the units digit of 33?
3
What is the units digit of 925?
5
What is the tens digit of 5015?
1
What is the hundreds digit of 579?
5
What is the hundreds digit of 9420?
4
What is the thousands digit of 1742?
1
What is the units digit of 6622?
2
What is the tens digit of 11687?
8
What is the tens digit of 26482?
8
What is the thousands digit of 1419?
1
What is the thousands digit of 1073?
1
What is the thousands digit of 103802?
3
What is the tens digit of 15254?
5
What is the hundreds digit of 3786?
7
What is the hundreds digit of 24770?
7
What is the units digit of 2234?
4
What is the hundreds digit of 16874?
8
What is the hundreds digit of 1669?
6
What is the units digit of 1461?
1
What is the tens digit of 3292?
9
What is the thousands digit of 14906?
4
What is the units digit of 133027?
7
What is the units digit of 2068?
8
What is the hundreds digit of 41301?
3
What is the hundreds digit of 6418?
4
What is the units digit of 130151?
1
What is the hundreds digit of 972?
9
What is the hundreds digit of 18927?
9
What is the tens digit of 906?
0
What is the thousands digit of 6094?
6
What is the hundreds digit of 7560?
5
What is the hundreds digit of 17518?
5
What is the tens digit of 9109?
0
What is the hundreds digit of 1417?
4
What is the units digit of 72865?
5
What is the tens digit of 6047?
4
What is the ten thousands digit of 15119?
1
What is the tens digit of 129?
2
What is the units digit of 10430?
0
What is the hundreds digit of 8905?
9
What is the hundreds digit of 2563?
5
What is the hundreds digit of 12046?
0
What is the thousands digit of 8435?
8
What is the thousands digit of 2180?
2
What is the hundreds digit of 718?
7
What is the units digit of 2401?
1
What is the tens digit of 146?
4
What is the ten thousands digit of 33954?
3
What is the tens digit of 20322?
2
What is the thousands digit of 2217?
2
What is the hundreds digit of 4636?
6
What is the thousands digit of 1564?
1
What is the tens digit of 1188?
8
What is the hundreds digit of 81921?
9
What is the hundreds digit of 1099?
0
What is the thousands digit of 7860?
7
What is the hundreds digit of 6268?
2
What is the thousands digit of 5096?
5
What is the thousands digit of 77989?
7
What is the units digit of 10451?
1
What is the units digit of 815?
5
What is the units digit of 1181?
1
What is the hundreds digit of 842?
8
What is the hundreds digit of 50927?
9
What is the ten thousands digit of 63726?
6
What is the hundreds digit of 1748?
7
What is the thousands digit of 7694?
7
What is the thousands digit of 1675?
1
What is the units digit of 30?
0
What is the units digit of 1433?
3
What is the units digit of 508?
8
What is the tens digit of 259?
5
What is the thousands digit of 41956?
1
What is the thousands digit of 31629?
1
What is the hundreds digit of 51601?
6
What is the units digit of 2003?
3
What is the ten thousands digit of 14671?
1
What is the thousands digit of 12830?
2
What is the ten thousands digit of 27185?
2
What is the hundreds digit of 3215?
2
What is the hundreds digit of 234?
2
What is the hundreds digit of 3167?
1
What is the ten thousands digit of 76878?
7
What is the units digit of 23452?
2
What is the units digit of 995?
5
What is the hundreds digit of 3604?
6
What is the thousands digit of 3416?
3
What is the units digit of 62058?
8
What is the units digit of 4188?
8
What is the units digit of 27187?
7
What is the ten thousands digit of 10116?
1
What is the tens digit of 7474?
7
What is the tens digit of 4239?
3
What is the tens digit of 383?
8
What is the tens digit of 2318?
1
What is the tens digit of 46857?
5
What is the hundreds digit of 5827?
8
What is the hundreds digit of 517?
5
What is the units digit of 211?
1
What is the units digit of 15546?
6
What is the units digit of 5757?
7
What is the thousands digit of 1584?
1
What is the tens digit of 6131?
3
What is the tens digit of 248?
4
What is the tens digit of 516?
1
What is the hundreds digit of 15247?
2
What is the tens digit of 4198?
9
What is the hundreds digit of 331?
3
What is the tens digit of 10089?
8
What is the hundreds digit of 34347?
3
What is the units digit of 40?
0
What is the ten thousands digit of 18341?
1
What is the units digit of 3350?
0
What is the tens digit of 889?
8
What is the thousands digit of 17219?
7
What is the hundreds digit of 11478?
4
What is the units digit of 674?
4
What is the tens digit of 9970?
7
What is the tens digit of 2633?
3
What is the tens digit of 4469?
6
What is the ten thousands digit of 26127?
2
What is the ten thousands digit of 34494?
3
What is the thousands digit of 1571?
1
What is the units digit of 91?
1
What is the tens digit of 1115?
1
What is the hundreds digit of 3002?
0
What is the tens digit of 18630?
3
What is the ten thousands digit of 39018?
3
What is the tens digit of 1823?
2
What is the units digit of 55522?
2
What is the thousands digit of 72013?
2
What is the tens digit of 7049?
4
What is the units digit of 45?
5
What is the thousands digit of 3197?
3
What is the thousands digit of 2935?
2
What is the tens digit of 3305?
0
What is the units digit of 4968?
8
What is the hundreds digit of 12782?
7
What is the units digit of 536?
6
What is the ten thousands digit of 53860?
5
What is the thousands digit of 53560?
3
What is the hundred thousands digit of 184963?
1
What is the thousands digit of 1489?
1
What is the units digit of 19055?
5
What is the units digit of 1040?
0
What is the units digit of 1495?
5
What is the units digit of 20590?
0
What is the units digit of 19592?
2
What is the tens digit of 51758?
5
What is the ten thousands digit of 10288?
1
What is the hundreds digit of 57487?
4
What is the thousands digit of 45733?
5
What is the tens digit of 3089?
8
What is the hundreds digit of 600?
6
What is the tens digit of 362?
6
What is the tens digit of 12?
1
What is the tens digit of 25008?
0
What is the units digit of 1?
1
What is the units digit of 9171?
1
What is the ten thousands digit of 26371?
2
What is the hundreds digit of 2604?
6
What is the tens digit of 400?
0
What is the ten thousands digit of 17159?
1
What is the units digit of 8367?
7
What is the hundreds digit of 956?
9
What is the thousands digit of 7301?
7
What is the hundreds digit of 50393?
3
What is the thousands digit of 7264?
7
What is the tens digit of 16328?
2
What is the tens digit of 4780?
8
What is the hundreds digit of 2805?
8
What is the tens digit of 5675?
7
What is the thousands digit of 19871?
9
What is the hundreds digit of 1545?
5
What is the tens digit of 92?
9
What is the thousands digit of 6087?
6
What is the hundreds digit of 3340?
3
What is the thousands digit of 101844?
1
What is the ten thousands digit of 136389?
3
What is the hundreds digit of 89063?
0
What is the hundreds digit of 265?
2
What is the units digit of 2009?
9
What is the hundreds digit of 3951?
9
What is the hundreds digit of 352?
3
What is the tens digit of 1306?
0
What is the thousands digit of 6991?
6
What is the hundreds digit of 3257?
2
What is the hundreds digit of 1488?
4
What is the tens digit of 53244?
4
What is the units digit of 1538?
8
What is the units digit of 5447?
7
What is the tens digit of 372?
7
What is the ten thousands digit of 68044?
6
What is the thousands digit of 134052?
4
What is the tens digit of 1492?
9
What is the tens digit of 49028?
2
What is the thousands digit of 119033?
9
What is the tens digit of 166098?
9
What is the hundreds digit of 1499?
4
What is the units digit of 7351?
1
What is the tens digit of 2789?
8
What is the hundreds digit of 2164?
1
What is the ten thousands digit of 121907?
2
What is the hundreds digit of 22899?
8
What is the hundreds digit of 13082?
0
What is the units digit of 73023?
3
What is the tens digit of 9285?
8
What is the tens digit of 44?
4
What is the thousands digit of 72110?
2
What is the units digit of 28900?
0
What is the thousands digit of 8873?
